{"id":895,"date":"2020-03-19T10:09:03","date_gmt":"2020-03-19T10:09:03","guid":{"rendered":"http:\/\/schuetzen.schierhorn-nordheide.de\/?page_id=895"},"modified":"2020-04-14T14:42:45","modified_gmt":"2020-04-14T14:42:45","slug":"save-the-date","status":"publish","type":"page","link":"http:\/\/schuetzen.schierhorn-nordheide.de\/?page_id=895","title":{"rendered":"Fu\u00dfbodenerneuerung                   im Sch\u00fctzenhus"},"content":{"rendered":"\n<p class=\"has-text-align-left\">Dieses Jahr war es endlich soweit, unser Sch\u00fctzenhus hat einen neuen Fu\u00dfbodenbelag durch tatkr\u00e4ftige Unterst\u00fctzung erhalten und erstrahlt nach 4 w\u00f6chiger Schlie\u00dfung im neuen Glanz. <\/p>\n\n\n\n<p>Wir haben uns seinerzeit unter <a rel=\"noreferrer noopener\" href=\"https:\/\/deref-web-02.de\/mail\/client\/VPYkgyeXPgM\/dereferrer\/?redirectUrl=http%3A%2F%2Fwww.gut-fuer-hamburg.de\" target=\"_blank\">www.gut-fuer-hamburg.de<\/a> f\u00fcr Mittel aus dem Zweckertrag des Lotterie-Sparjahres 2018\/2019 beworben und einen sehr gro\u00dfz\u00fcgigen Zuschuss bekommen. Das Prinzip ist einfach: Kunden der Haspa k\u00f6nnen Lose f\u00fcr 5 Euro \/ St\u00fcck kaufen, davon werden 4 Euro gespart und ein Euro in einen Fonds eingezahlt, aus dem dann regional gemeinn\u00fctzige Projekte unterst\u00fctzt werden. Hier geht es zur der Haspa-Seite -> <a rel=\"noreferrer noopener\" href=\"https:\/\/deref-web-02.de\/mail\/client\/PKIOepWBsjE\/dereferrer\/?redirectUrl=https%3A%2F%2Fwww.haspa.de%2Fde%2Fhome%2Fprivatkunden%2Fsparen-und-anlegen%2Fregelmaessig-sparen%2Fhaspa-lotteriesparen.html%2520\" target=\"_blank\">https:\/\/www.haspa.de\/de\/home\/privatkunden\/sparen-und-anlegen\/regelmaessig-sparen\/haspa-lotteriesparen.html <\/a> <\/p>\n\n\n\n<figure class=\"wp-block-image size-large\"><img loading=\"lazy\" decoding=\"async\" width=\"1024\" height=\"576\" src=\"http:\/\/schuetzen.schierhorn-nordheide.de\/wp-content\/uploads\/2020\/04\/20191113_094758-1024x576.jpg\" alt=\"\" class=\"wp-image-1254\" srcset=\"http:\/\/schuetzen.schierhorn-nordheide.de\/wp-content\/uploads\/2020\/04\/20191113_094758-1024x576.jpg 1024w, http:\/\/schuetzen.schierhorn-nordheide.de\/wp-content\/uploads\/2020\/04\/20191113_094758-300x169.jpg 300w, http:\/\/schuetzen.schierhorn-nordheide.de\/wp-content\/uploads\/2020\/04\/20191113_094758-768x432.jpg 768w, http:\/\/schuetzen.schierhorn-nordheide.de\/wp-content\/uploads\/2020\/04\/20191113_094758-1536x864.jpg 1536w, http:\/\/schuetzen.schierhorn-nordheide.de\/wp-content\/uploads\/2020\/04\/20191113_094758-2048x1152.jpg 2048w\" sizes=\"auto, (max-width: 1024px) 100vw, 1024px\" \/><figcaption> Gro\u00dfen  Dank f\u00fcr die tolle und sehr umfassende Betreuung, Beratung und   Unterst\u00fctzung von unsere Seite an die Haspa in Buchholz (Foto hinten links: J\u00f6rg Gehrigk, Christian Kirschte, Thorsten Henck, vorne Ralf Jankowski, \u201eManni die Maus\u201c und Ivan Pucic) <\/figcaption><\/figure>\n\n\n\n<p>Weiterhin darf nat\u00fcrlich flei\u00dfig gespendet werden \u00fcber Eure t\u00e4glichen Online-Eink\u00e4ufe \ud83d\ude42 <\/p>\n\n\n\n<iframe loading=\"lazy\" width=\"300\" height=\"250\"  name=\"Gooding Banner-Widget\" id=\"Gooding Banner-Widget\" frameborder=\"0\" allowtransparency=\"true\" scrolling=\"yes\" title=\"Gooding Banner-Widget\" src=\"https:\/\/erweiterungen.gooding.de\/app\/widget\/schuetzenverein-schierhorn-38782\/medium-rectangle\/tab\/0\/donations\/1\/v\/1585769603.nMj0tJFBAcqlaXh3PuT%252Fu60vg0qK12LFziuM8W88MXWq7k5ERqDbS4uR9Bk5HpvGUUZgoiy9nVXH5LcJz60CUnrSkDYGGVw1TLRbihxE9%252B0SuuFi%252FKMOp2qgqACY0ehg\"><\/iframe>\n\n\n\n<p><\/p>\n\n\n\n<div class=\"alignnormal\"><div id=\"metaslider-id-829\" style=\"max-width: 700px; margin: 0 auto;\" class=\"ml-slider-3-98-0 metaslider metaslider-flex metaslider-829 ml-slider ms-theme-default\" role=\"region\" aria-roledescription=\"Slideshow\" aria-label=\"Fu\u00dfbodenerneuerung\" data-width=\"700\">\n    <div id=\"metaslider_container_829\">\n        <div id=\"metaslider_829\">\n            <ul class='slides'>\n                <li style=\"display: block; width: 100%;\" class=\"slide-987 ms-image \" aria-roledescription=\"slide\" aria-label=\"slide-987\" data-date=\"2020-03-20 09:51:36\"><img loading=\"lazy\" decoding=\"async\" src=\"http:\/\/schuetzen.schierhorn-nordheide.de\/wp-content\/uploads\/2020\/03\/20200208_093001-scaled-700x300.jpg\" height=\"300\" width=\"700\" alt=\"\" class=\"slider-829 slide-987\" title=\"20200208_093001\" \/><\/li>\n                <li style=\"display: none; width: 100%;\" class=\"slide-988 ms-image \" aria-roledescription=\"slide\" aria-label=\"slide-988\" data-date=\"2020-03-20 09:51:36\"><img loading=\"lazy\" decoding=\"async\" src=\"http:\/\/schuetzen.schierhorn-nordheide.de\/wp-content\/uploads\/2020\/03\/20200208_093127-scaled-700x300.jpg\" height=\"300\" width=\"700\" alt=\"\" class=\"slider-829 slide-988\" title=\"20200208_093127\" \/><\/li>\n                <li style=\"display: none; width: 100%;\" class=\"slide-989 ms-image \" aria-roledescription=\"slide\" aria-label=\"slide-989\" data-date=\"2020-03-20 09:51:36\"><img loading=\"lazy\" decoding=\"async\" src=\"http:\/\/schuetzen.schierhorn-nordheide.de\/wp-content\/uploads\/2020\/03\/20200208_104630-scaled-700x300.jpg\" height=\"300\" width=\"700\" alt=\"\" class=\"slider-829 slide-989\" title=\"20200208_104630\" \/><\/li>\n                <li style=\"display: none; width: 100%;\" class=\"slide-990 ms-image \" aria-roledescription=\"slide\" aria-label=\"slide-990\" data-date=\"2020-03-20 09:51:36\"><img loading=\"lazy\" decoding=\"async\" src=\"http:\/\/schuetzen.schierhorn-nordheide.de\/wp-content\/uploads\/2020\/03\/20200208_104640-scaled-700x300.jpg\" height=\"300\" width=\"700\" alt=\"\" class=\"slider-829 slide-990\" title=\"20200208_104640\" \/><\/li>\n                <li style=\"display: none; width: 100%;\" class=\"slide-991 ms-image \" aria-roledescription=\"slide\" aria-label=\"slide-991\" data-date=\"2020-03-20 09:51:36\"><img loading=\"lazy\" decoding=\"async\" src=\"http:\/\/schuetzen.schierhorn-nordheide.de\/wp-content\/uploads\/2020\/03\/20200208_105042-scaled-700x300.jpg\" height=\"300\" width=\"700\" alt=\"\" class=\"slider-829 slide-991\" title=\"20200208_105042\" \/><\/li>\n                <li style=\"display: none; width: 100%;\" class=\"slide-992 ms-image \" aria-roledescription=\"slide\" aria-label=\"slide-992\" data-date=\"2020-03-20 09:51:36\"><img loading=\"lazy\" decoding=\"async\" src=\"http:\/\/schuetzen.schierhorn-nordheide.de\/wp-content\/uploads\/2020\/03\/20200229_100255-scaled-700x300.jpg\" height=\"300\" width=\"700\" alt=\"\" class=\"slider-829 slide-992\" title=\"20200229_100255\" \/><\/li>\n                <li style=\"display: none; width: 100%;\" class=\"slide-993 ms-image \" aria-roledescription=\"slide\" aria-label=\"slide-993\" data-date=\"2020-03-20 09:51:36\"><img loading=\"lazy\" decoding=\"async\" src=\"http:\/\/schuetzen.schierhorn-nordheide.de\/wp-content\/uploads\/2020\/03\/20200229_100405-scaled-700x300.jpg\" height=\"300\" width=\"700\" alt=\"\" class=\"slider-829 slide-993\" title=\"20200229_100405\" \/><\/li>\n                <li style=\"display: none; width: 100%;\" class=\"slide-994 ms-image \" aria-roledescription=\"slide\" aria-label=\"slide-994\" data-date=\"2020-03-20 09:51:36\"><img loading=\"lazy\" decoding=\"async\" src=\"http:\/\/schuetzen.schierhorn-nordheide.de\/wp-content\/uploads\/2020\/03\/20200229_120640-scaled-700x300.jpg\" height=\"300\" width=\"700\" alt=\"\" class=\"slider-829 slide-994\" title=\"20200229_120640\" \/><\/li>\n            <\/ul>\n        <\/div>\n        \n    <\/div>\n<\/div><\/div>\n","protected":false},"excerpt":{"rendered":"<p>Dieses Jahr war es endlich soweit, unser Sch\u00fctzenhus hat einen neuen Fu\u00dfbodenbelag durch tatkr\u00e4ftige Unterst\u00fctzung erhalten und erstrahlt nach 4 w\u00f6chiger Schlie\u00dfung im neuen Glanz. <a class=\"more-link\" href=\"http:\/\/schuetzen.schierhorn-nordheide.de\/?page_id=895\">weiterlesen&#8230;<\/a><\/p>\n","protected":false},"author":1,"featured_media":912,"parent":0,"menu_order":0,"comment_status":"closed","ping_status":"closed","template":"","meta":{"footnotes":""},"class_list":["post-895","page","type-page","status-publish","has-post-thumbnail","hentry"],"_links":{"self":[{"href":"http:\/\/schuetzen.schierhorn-nordheide.de\/index.php?rest_route=\/wp\/v2\/pages\/895","targetHints":{"allow":["GET"]}}],"collection":[{"href":"http:\/\/schuetzen.schierhorn-nordheide.de\/index.php?rest_route=\/wp\/v2\/pages"}],"about":[{"href":"http:\/\/schuetzen.schierhorn-nordheide.de\/index.php?rest_route=\/wp\/v2\/types\/page"}],"author":[{"embeddable":true,"href":"http:\/\/schuetzen.schierhorn-nordheide.de\/index.php?rest_route=\/wp\/v2\/users\/1"}],"replies":[{"embeddable":true,"href":"http:\/\/schuetzen.schierhorn-nordheide.de\/index.php?rest_route=%2Fwp%2Fv2%2Fcomments&post=895"}],"version-history":[{"count":21,"href":"http:\/\/schuetzen.schierhorn-nordheide.de\/index.php?rest_route=\/wp\/v2\/pages\/895\/revisions"}],"predecessor-version":[{"id":1256,"href":"http:\/\/schuetzen.schierhorn-nordheide.de\/index.php?rest_route=\/wp\/v2\/pages\/895\/revisions\/1256"}],"wp:featuredmedia":[{"embeddable":true,"href":"http:\/\/schuetzen.schierhorn-nordheide.de\/index.php?rest_route=\/wp\/v2\/media\/912"}],"wp:attachment":[{"href":"http:\/\/schuetzen.schierhorn-nordheide.de\/index.php?rest_route=%2Fwp%2Fv2%2Fmedia&parent=895"}],"curies":[{"name":"wp","href":"https:\/\/api.w.org\/{rel}","templated":true}]}}