{"id":1826,"date":"2022-10-11T17:24:48","date_gmt":"2022-10-11T17:24:48","guid":{"rendered":"http:\/\/schuetzen.schierhorn-nordheide.de\/?page_id=1826"},"modified":"2022-10-11T17:37:05","modified_gmt":"2022-10-11T17:37:05","slug":"ergebnisse-und-neue-vizekoenigin-schlussschiessen-2022","status":"publish","type":"page","link":"http:\/\/schuetzen.schierhorn-nordheide.de\/?page_id=1826","title":{"rendered":"Ergebnisse Schlussschie\u00dfen 2022"},"content":{"rendered":"\n<p>Am 01.10.2022 fand unser diesj\u00e4hriges Schlussschie\u00dfen in Schierhorn statt. Nachdem unser amtierender Vizek\u00f6nig Michael Thei\u00dfen ein Jahr l\u00e4nger regieren durfte, war es dieses Jahr endlich wieder soweit! Nachdem bis auf die K\u00f6nigsteile vom Vogel alles abgeschossen war, wurde schnell klar, dass es wird eine Frau werden wird. In einem spannenden Dreikampf konnte schlussendlich Julia Scaturro den Titel f\u00fcr sich entscheiden und wurde damit im Jahre 2022 die erste Frau im Sch\u00fctzenverein Schierhorn die den Vizek\u00f6nigstitel errungen hat. <\/p>\n\n\n\n<p>Bei der Jugend hat sich Melina Pralow erfolgreich durchgesetzt und ist neue Vizek\u00f6nigin geworden. <\/p>\n\n\n\n<figure class=\"wp-block-image size-large\"><img loading=\"lazy\" decoding=\"async\" width=\"1024\" height=\"768\" src=\"http:\/\/schuetzen.schierhorn-nordheide.de\/wp-content\/uploads\/2022\/10\/9C95F893-2DE6-4035-9FDE-4C9B33883648-1024x768.jpeg\" alt=\"\" class=\"wp-image-1828\" srcset=\"http:\/\/schuetzen.schierhorn-nordheide.de\/wp-content\/uploads\/2022\/10\/9C95F893-2DE6-4035-9FDE-4C9B33883648-1024x768.jpeg 1024w, http:\/\/schuetzen.schierhorn-nordheide.de\/wp-content\/uploads\/2022\/10\/9C95F893-2DE6-4035-9FDE-4C9B33883648-300x225.jpeg 300w, http:\/\/schuetzen.schierhorn-nordheide.de\/wp-content\/uploads\/2022\/10\/9C95F893-2DE6-4035-9FDE-4C9B33883648-768x576.jpeg 768w, http:\/\/schuetzen.schierhorn-nordheide.de\/wp-content\/uploads\/2022\/10\/9C95F893-2DE6-4035-9FDE-4C9B33883648-1536x1152.jpeg 1536w, http:\/\/schuetzen.schierhorn-nordheide.de\/wp-content\/uploads\/2022\/10\/9C95F893-2DE6-4035-9FDE-4C9B33883648-350x263.jpeg 350w, http:\/\/schuetzen.schierhorn-nordheide.de\/wp-content\/uploads\/2022\/10\/9C95F893-2DE6-4035-9FDE-4C9B33883648-780x586.jpeg 780w, http:\/\/schuetzen.schierhorn-nordheide.de\/wp-content\/uploads\/2022\/10\/9C95F893-2DE6-4035-9FDE-4C9B33883648-250x188.jpeg 250w, http:\/\/schuetzen.schierhorn-nordheide.de\/wp-content\/uploads\/2022\/10\/9C95F893-2DE6-4035-9FDE-4C9B33883648.jpeg 1600w\" sizes=\"auto, (max-width: 1024px) 100vw, 1024px\" \/><figcaption>von links: Adjutantin Andrea Niehaus, Vizek\u00f6nigin Julia Scaturro mit Lebenspartner Matthias Schwartz, Adjutant Ulf Harms und Adjutantin Claudia Henk<\/figcaption><\/figure>\n\n\n\n<p><\/p>\n\n\n\n<p>Vogelschie\u00dfen Sch\u00fctzen<\/p>\n\n\n\n<figure class=\"wp-block-image size-large\"><img loading=\"lazy\" decoding=\"async\" width=\"1024\" height=\"397\" src=\"http:\/\/schuetzen.schierhorn-nordheide.de\/wp-content\/uploads\/2022\/10\/grafik-1024x397.png\" alt=\"\" class=\"wp-image-1829\" srcset=\"http:\/\/schuetzen.schierhorn-nordheide.de\/wp-content\/uploads\/2022\/10\/grafik-1024x397.png 1024w, http:\/\/schuetzen.schierhorn-nordheide.de\/wp-content\/uploads\/2022\/10\/grafik-300x116.png 300w, http:\/\/schuetzen.schierhorn-nordheide.de\/wp-content\/uploads\/2022\/10\/grafik-768x298.png 768w, http:\/\/schuetzen.schierhorn-nordheide.de\/wp-content\/uploads\/2022\/10\/grafik.png 1140w\" sizes=\"auto, (max-width: 1024px) 100vw, 1024px\" \/><\/figure>\n\n\n\n<p>Vogelschie\u00dfen Jungsch\u00fctzen<\/p>\n\n\n\n<figure class=\"wp-block-image size-large\"><img loading=\"lazy\" decoding=\"async\" width=\"1024\" height=\"401\" src=\"http:\/\/schuetzen.schierhorn-nordheide.de\/wp-content\/uploads\/2022\/10\/grafik-1-1024x401.png\" alt=\"\" class=\"wp-image-1830\" srcset=\"http:\/\/schuetzen.schierhorn-nordheide.de\/wp-content\/uploads\/2022\/10\/grafik-1-1024x401.png 1024w, http:\/\/schuetzen.schierhorn-nordheide.de\/wp-content\/uploads\/2022\/10\/grafik-1-300x117.png 300w, http:\/\/schuetzen.schierhorn-nordheide.de\/wp-content\/uploads\/2022\/10\/grafik-1-768x301.png 768w, http:\/\/schuetzen.schierhorn-nordheide.de\/wp-content\/uploads\/2022\/10\/grafik-1.png 1137w\" sizes=\"auto, (max-width: 1024px) 100vw, 1024px\" \/><\/figure>\n\n\n\n<p>Sch\u00fctzendamen<\/p>\n\n\n\n<figure class=\"wp-block-image size-large\"><img loading=\"lazy\" decoding=\"async\" width=\"1024\" height=\"126\" src=\"http:\/\/schuetzen.schierhorn-nordheide.de\/wp-content\/uploads\/2022\/10\/grafik-2-1024x126.png\" alt=\"\" class=\"wp-image-1831\" srcset=\"http:\/\/schuetzen.schierhorn-nordheide.de\/wp-content\/uploads\/2022\/10\/grafik-2-1024x126.png 1024w, http:\/\/schuetzen.schierhorn-nordheide.de\/wp-content\/uploads\/2022\/10\/grafik-2-300x37.png 300w, http:\/\/schuetzen.schierhorn-nordheide.de\/wp-content\/uploads\/2022\/10\/grafik-2-768x94.png 768w, http:\/\/schuetzen.schierhorn-nordheide.de\/wp-content\/uploads\/2022\/10\/grafik-2.png 1138w\" sizes=\"auto, (max-width: 1024px) 100vw, 1024px\" \/><figcaption>Orden Sch\u00fctzen<\/figcaption><\/figure>\n\n\n\n<figure class=\"wp-block-table\"><table><tbody><tr><td>Herbst-Orden<\/td><td>Andrea E. Niehaus<\/td><\/tr><tr><td>Orden des Vizek\u00f6nigs\u00a0\u00a0\u00a0\u00a0\u00a0\u00a0\u00a0\u00a0\u00a0<\/td><td>Ulf Harms<\/td><\/tr><tr><td>Ehrenscheibe der Schie\u00dfkommission<\/td><td>Herbert Blecken<\/td><\/tr><\/tbody><\/table><\/figure>\n\n\n\n<p>Orden Jungsch\u00fctzen<\/p>\n\n\n\n<figure class=\"wp-block-image size-large\"><img loading=\"lazy\" decoding=\"async\" width=\"1024\" height=\"588\" src=\"http:\/\/schuetzen.schierhorn-nordheide.de\/wp-content\/uploads\/2022\/10\/grafik-3-1024x588.png\" alt=\"\" class=\"wp-image-1832\" srcset=\"http:\/\/schuetzen.schierhorn-nordheide.de\/wp-content\/uploads\/2022\/10\/grafik-3-1024x588.png 1024w, http:\/\/schuetzen.schierhorn-nordheide.de\/wp-content\/uploads\/2022\/10\/grafik-3-300x172.png 300w, http:\/\/schuetzen.schierhorn-nordheide.de\/wp-content\/uploads\/2022\/10\/grafik-3-768x441.png 768w, http:\/\/schuetzen.schierhorn-nordheide.de\/wp-content\/uploads\/2022\/10\/grafik-3.png 1227w\" sizes=\"auto, (max-width: 1024px) 100vw, 1024px\" \/><\/figure>\n\n\n\n<p>Er + Sie Schie\u00dfen<\/p>\n\n\n\n<figure class=\"wp-block-image size-large\"><img loading=\"lazy\" decoding=\"async\" width=\"1024\" height=\"593\" src=\"http:\/\/schuetzen.schierhorn-nordheide.de\/wp-content\/uploads\/2022\/10\/grafik-4-1024x593.png\" alt=\"\" class=\"wp-image-1837\" srcset=\"http:\/\/schuetzen.schierhorn-nordheide.de\/wp-content\/uploads\/2022\/10\/grafik-4-1024x593.png 1024w, http:\/\/schuetzen.schierhorn-nordheide.de\/wp-content\/uploads\/2022\/10\/grafik-4-300x174.png 300w, http:\/\/schuetzen.schierhorn-nordheide.de\/wp-content\/uploads\/2022\/10\/grafik-4-768x445.png 768w, http:\/\/schuetzen.schierhorn-nordheide.de\/wp-content\/uploads\/2022\/10\/grafik-4.png 1083w\" sizes=\"auto, (max-width: 1024px) 100vw, 1024px\" \/><\/figure>\n","protected":false},"excerpt":{"rendered":"<p>Am 01.10.2022 fand unser diesj\u00e4hriges Schlussschie\u00dfen in Schierhorn statt. Nachdem unser amtierender Vizek\u00f6nig Michael Thei\u00dfen ein Jahr l\u00e4nger regieren durfte, war es dieses Jahr endlich <a class=\"more-link\" href=\"http:\/\/schuetzen.schierhorn-nordheide.de\/?page_id=1826\">weiterlesen&#8230;<\/a><\/p>\n","protected":false},"author":1,"featured_media":1827,"parent":0,"menu_order":0,"comment_status":"closed","ping_status":"closed","template":"","meta":{"footnotes":""},"class_list":["post-1826","page","type-page","status-publish","has-post-thumbnail","hentry"],"_links":{"self":[{"href":"http:\/\/schuetzen.schierhorn-nordheide.de\/index.php?rest_route=\/wp\/v2\/pages\/1826","targetHints":{"allow":["GET"]}}],"collection":[{"href":"http:\/\/schuetzen.schierhorn-nordheide.de\/index.php?rest_route=\/wp\/v2\/pages"}],"about":[{"href":"http:\/\/schuetzen.schierhorn-nordheide.de\/index.php?rest_route=\/wp\/v2\/types\/page"}],"author":[{"embeddable":true,"href":"http:\/\/schuetzen.schierhorn-nordheide.de\/index.php?rest_route=\/wp\/v2\/users\/1"}],"replies":[{"embeddable":true,"href":"http:\/\/schuetzen.schierhorn-nordheide.de\/index.php?rest_route=%2Fwp%2Fv2%2Fcomments&post=1826"}],"version-history":[{"count":3,"href":"http:\/\/schuetzen.schierhorn-nordheide.de\/index.php?rest_route=\/wp\/v2\/pages\/1826\/revisions"}],"predecessor-version":[{"id":1840,"href":"http:\/\/schuetzen.schierhorn-nordheide.de\/index.php?rest_route=\/wp\/v2\/pages\/1826\/revisions\/1840"}],"wp:featuredmedia":[{"embeddable":true,"href":"http:\/\/schuetzen.schierhorn-nordheide.de\/index.php?rest_route=\/wp\/v2\/media\/1827"}],"wp:attachment":[{"href":"http:\/\/schuetzen.schierhorn-nordheide.de\/index.php?rest_route=%2Fwp%2Fv2%2Fmedia&parent=1826"}],"curies":[{"name":"wp","href":"https:\/\/api.w.org\/{rel}","templated":true}]}}

Ergebnisse Schlussschießen 2022

<p>Am 01.10.2022 fand unser diesjähriges Schlussschießen in Schierhorn statt. Nachdem unser amtierender Vizekönig Michael Theißen ein Jahr länger regieren durfte, war es dieses Jahr endlich wieder soweit! Nachdem bis auf die Königsteile vom Vogel alles abgeschossen war, wurde schnell klar, dass es wird eine Frau werden wird. In einem spannenden Dreikampf konnte schlussendlich Julia Scaturro den Titel für sich entscheiden und wurde damit im Jahre 2022 die erste Frau im Schützenverein Schierhorn die den Vizekönigstitel errungen hat. </p>



<p>Bei der Jugend hat sich Melina Pralow erfolgreich durchgesetzt und ist neue Vizekönigin geworden. </p>



<figure class="wp-block-image size-large"><img loading="lazy" decoding="async" width="1024" height="768" src="http://schuetzen.schierhorn-nordheide.de/wp-content/uploads/2022/10/9C95F893-2DE6-4035-9FDE-4C9B33883648-1024x768.jpeg" alt="" class="wp-image-1828" srcset="http://schuetzen.schierhorn-nordheide.de/wp-content/uploads/2022/10/9C95F893-2DE6-4035-9FDE-4C9B33883648-1024x768.jpeg 1024w, http://schuetzen.schierhorn-nordheide.de/wp-content/uploads/2022/10/9C95F893-2DE6-4035-9FDE-4C9B33883648-300x225.jpeg 300w, http://schuetzen.schierhorn-nordheide.de/wp-content/uploads/2022/10/9C95F893-2DE6-4035-9FDE-4C9B33883648-768x576.jpeg 768w, http://schuetzen.schierhorn-nordheide.de/wp-content/uploads/2022/10/9C95F893-2DE6-4035-9FDE-4C9B33883648-1536x1152.jpeg 1536w, http://schuetzen.schierhorn-nordheide.de/wp-content/uploads/2022/10/9C95F893-2DE6-4035-9FDE-4C9B33883648-350x263.jpeg 350w, http://schuetzen.schierhorn-nordheide.de/wp-content/uploads/2022/10/9C95F893-2DE6-4035-9FDE-4C9B33883648-780x586.jpeg 780w, http://schuetzen.schierhorn-nordheide.de/wp-content/uploads/2022/10/9C95F893-2DE6-4035-9FDE-4C9B33883648-250x188.jpeg 250w, http://schuetzen.schierhorn-nordheide.de/wp-content/uploads/2022/10/9C95F893-2DE6-4035-9FDE-4C9B33883648.jpeg 1600w" sizes="auto, (max-width: 1024px) 100vw, 1024px" /><figcaption>von links: Adjutantin Andrea Niehaus, Vizekönigin Julia Scaturro mit Lebenspartner Matthias Schwartz, Adjutant Ulf Harms und Adjutantin Claudia Henk</figcaption></figure>



<p></p>



<p>Vogelschießen Schützen</p>



<figure class="wp-block-image size-large"><img loading="lazy" decoding="async" width="1024" height="397" src="http://schuetzen.schierhorn-nordheide.de/wp-content/uploads/2022/10/grafik-1024x397.png" alt="" class="wp-image-1829" srcset="http://schuetzen.schierhorn-nordheide.de/wp-content/uploads/2022/10/grafik-1024x397.png 1024w, http://schuetzen.schierhorn-nordheide.de/wp-content/uploads/2022/10/grafik-300x116.png 300w, http://schuetzen.schierhorn-nordheide.de/wp-content/uploads/2022/10/grafik-768x298.png 768w, http://schuetzen.schierhorn-nordheide.de/wp-content/uploads/2022/10/grafik.png 1140w" sizes="auto, (max-width: 1024px) 100vw, 1024px" /></figure>



<p>Vogelschießen Jungschützen</p>



<figure class="wp-block-image size-large"><img loading="lazy" decoding="async" width="1024" height="401" src="http://schuetzen.schierhorn-nordheide.de/wp-content/uploads/2022/10/grafik-1-1024x401.png" alt="" class="wp-image-1830" srcset="http://schuetzen.schierhorn-nordheide.de/wp-content/uploads/2022/10/grafik-1-1024x401.png 1024w, http://schuetzen.schierhorn-nordheide.de/wp-content/uploads/2022/10/grafik-1-300x117.png 300w, http://schuetzen.schierhorn-nordheide.de/wp-content/uploads/2022/10/grafik-1-768x301.png 768w, http://schuetzen.schierhorn-nordheide.de/wp-content/uploads/2022/10/grafik-1.png 1137w" sizes="auto, (max-width: 1024px) 100vw, 1024px" /></figure>



<p>Schützendamen</p>



<figure class="wp-block-image size-large"><img loading="lazy" decoding="async" width="1024" height="126" src="http://schuetzen.schierhorn-nordheide.de/wp-content/uploads/2022/10/grafik-2-1024x126.png" alt="" class="wp-image-1831" srcset="http://schuetzen.schierhorn-nordheide.de/wp-content/uploads/2022/10/grafik-2-1024x126.png 1024w, http://schuetzen.schierhorn-nordheide.de/wp-content/uploads/2022/10/grafik-2-300x37.png 300w, http://schuetzen.schierhorn-nordheide.de/wp-content/uploads/2022/10/grafik-2-768x94.png 768w, http://schuetzen.schierhorn-nordheide.de/wp-content/uploads/2022/10/grafik-2.png 1138w" sizes="auto, (max-width: 1024px) 100vw, 1024px" /><figcaption>Orden Schützen</figcaption></figure>



<figure class="wp-block-table"><table><tbody><tr><td>Herbst-Orden</td><td>Andrea E. Niehaus</td></tr><tr><td>Orden des Vizekönigs         </td><td>Ulf Harms</td></tr><tr><td>Ehrenscheibe der Schießkommission</td><td>Herbert Blecken</td></tr></tbody></table></figure>



<p>Orden Jungschützen</p>



<figure class="wp-block-image size-large"><img loading="lazy" decoding="async" width="1024" height="588" src="http://schuetzen.schierhorn-nordheide.de/wp-content/uploads/2022/10/grafik-3-1024x588.png" alt="" class="wp-image-1832" srcset="http://schuetzen.schierhorn-nordheide.de/wp-content/uploads/2022/10/grafik-3-1024x588.png 1024w, http://schuetzen.schierhorn-nordheide.de/wp-content/uploads/2022/10/grafik-3-300x172.png 300w, http://schuetzen.schierhorn-nordheide.de/wp-content/uploads/2022/10/grafik-3-768x441.png 768w, http://schuetzen.schierhorn-nordheide.de/wp-content/uploads/2022/10/grafik-3.png 1227w" sizes="auto, (max-width: 1024px) 100vw, 1024px" /></figure>



<p>Er + Sie Schießen</p>



<figure class="wp-block-image size-large"><img loading="lazy" decoding="async" width="1024" height="593" src="http://schuetzen.schierhorn-nordheide.de/wp-content/uploads/2022/10/grafik-4-1024x593.png" alt="" class="wp-image-1837" srcset="http://schuetzen.schierhorn-nordheide.de/wp-content/uploads/2022/10/grafik-4-1024x593.png 1024w, http://schuetzen.schierhorn-nordheide.de/wp-content/uploads/2022/10/grafik-4-300x174.png 300w, http://schuetzen.schierhorn-nordheide.de/wp-content/uploads/2022/10/grafik-4-768x445.png 768w, http://schuetzen.schierhorn-nordheide.de/wp-content/uploads/2022/10/grafik-4.png 1083w" sizes="auto, (max-width: 1024px) 100vw, 1024px" /></figure>

<p>Am 01.10.2022 fand unser diesjähriges Schlussschießen in Schierhorn statt. Nachdem unser amtierender Vizekönig Michael Theißen ein Jahr länger regieren durfte, war es dieses Jahr endlich <a class="more-link" href="http://schuetzen.schierhorn-nordheide.de/?page_id=1826">weiterlesen&#8230;</a></p>
