{"id":1633,"date":"2022-05-29T09:41:44","date_gmt":"2022-05-29T09:41:44","guid":{"rendered":"http:\/\/schuetzen.schierhorn-nordheide.de\/?page_id=1633"},"modified":"2022-05-29T09:47:27","modified_gmt":"2022-05-29T09:47:27","slug":"schuetzenfest-vom-24-06-27-06-2022","status":"publish","type":"page","link":"http:\/\/schuetzen.schierhorn-nordheide.de\/?page_id=1633","title":{"rendered":"Sch\u00fctzenfest vom 24.06.-27.06.2022"},"content":{"rendered":"\n<p>Wir freuen uns nach zwei Jahren Pandemiebedingter Ausf\u00e4lle der Sch\u00fctzenfeste nun endlich wieder in der Normalit\u00e4t angekommen zu sein und das diesj\u00e4hrige Sch\u00fctzenfest ank\u00fcndigen zu d\u00fcrfen:<\/p>\n\n\n\n<p>S.M. J\u00f6rg Schwertfeger, der Vorstand und der Festauschuss d\u00fcrfen wieder zum Sch\u00fctzenfest einladen. <\/p>\n\n\n\n<p>Die Festfolge sieht wie folgt aus:<\/p>\n\n\n\n<figure class=\"wp-block-image size-full\"><img loading=\"lazy\" decoding=\"async\" width=\"525\" height=\"767\" src=\"http:\/\/schuetzen.schierhorn-nordheide.de\/wp-content\/uploads\/2022\/05\/grafik.png\" alt=\"\" class=\"wp-image-1634\" srcset=\"http:\/\/schuetzen.schierhorn-nordheide.de\/wp-content\/uploads\/2022\/05\/grafik.png 525w, http:\/\/schuetzen.schierhorn-nordheide.de\/wp-content\/uploads\/2022\/05\/grafik-205x300.png 205w\" sizes=\"auto, (max-width: 525px) 100vw, 525px\" \/><\/figure>\n","protected":false},"excerpt":{"rendered":"<p>Wir freuen uns nach zwei Jahren Pandemiebedingter Ausf\u00e4lle der Sch\u00fctzenfeste nun endlich wieder in der Normalit\u00e4t angekommen zu sein und das diesj\u00e4hrige Sch\u00fctzenfest ank\u00fcndigen zu <a class=\"more-link\" href=\"http:\/\/schuetzen.schierhorn-nordheide.de\/?page_id=1633\">weiterlesen&#8230;<\/a><\/p>\n","protected":false},"author":1,"featured_media":912,"parent":0,"menu_order":0,"comment_status":"closed","ping_status":"closed","template":"","meta":{"footnotes":""},"class_list":["post-1633","page","type-page","status-publish","has-post-thumbnail","hentry"],"_links":{"self":[{"href":"http:\/\/schuetzen.schierhorn-nordheide.de\/index.php?rest_route=\/wp\/v2\/pages\/1633","targetHints":{"allow":["GET"]}}],"collection":[{"href":"http:\/\/schuetzen.schierhorn-nordheide.de\/index.php?rest_route=\/wp\/v2\/pages"}],"about":[{"href":"http:\/\/schuetzen.schierhorn-nordheide.de\/index.php?rest_route=\/wp\/v2\/types\/page"}],"author":[{"embeddable":true,"href":"http:\/\/schuetzen.schierhorn-nordheide.de\/index.php?rest_route=\/wp\/v2\/users\/1"}],"replies":[{"embeddable":true,"href":"http:\/\/schuetzen.schierhorn-nordheide.de\/index.php?rest_route=%2Fwp%2Fv2%2Fcomments&post=1633"}],"version-history":[{"count":2,"href":"http:\/\/schuetzen.schierhorn-nordheide.de\/index.php?rest_route=\/wp\/v2\/pages\/1633\/revisions"}],"predecessor-version":[{"id":1641,"href":"http:\/\/schuetzen.schierhorn-nordheide.de\/index.php?rest_route=\/wp\/v2\/pages\/1633\/revisions\/1641"}],"wp:featuredmedia":[{"embeddable":true,"href":"http:\/\/schuetzen.schierhorn-nordheide.de\/index.php?rest_route=\/wp\/v2\/media\/912"}],"wp:attachment":[{"href":"http:\/\/schuetzen.schierhorn-nordheide.de\/index.php?rest_route=%2Fwp%2Fv2%2Fmedia&parent=1633"}],"curies":[{"name":"wp","href":"https:\/\/api.w.org\/{rel}","templated":true}]}}

Schützenfest vom 24.06.-27.06.2022

<p>Wir freuen uns nach zwei Jahren Pandemiebedingter Ausfälle der Schützenfeste nun endlich wieder in der Normalität angekommen zu sein und das diesjährige Schützenfest ankündigen zu dürfen:</p>



<p>S.M. Jörg Schwertfeger, der Vorstand und der Festauschuss dürfen wieder zum Schützenfest einladen. </p>



<p>Die Festfolge sieht wie folgt aus:</p>



<figure class="wp-block-image size-full"><img loading="lazy" decoding="async" width="525" height="767" src="http://schuetzen.schierhorn-nordheide.de/wp-content/uploads/2022/05/grafik.png" alt="" class="wp-image-1634" srcset="http://schuetzen.schierhorn-nordheide.de/wp-content/uploads/2022/05/grafik.png 525w, http://schuetzen.schierhorn-nordheide.de/wp-content/uploads/2022/05/grafik-205x300.png 205w" sizes="auto, (max-width: 525px) 100vw, 525px" /></figure>

<p>Wir freuen uns nach zwei Jahren Pandemiebedingter Ausfälle der Schützenfeste nun endlich wieder in der Normalität angekommen zu sein und das diesjährige Schützenfest ankündigen zu <a class="more-link" href="http://schuetzen.schierhorn-nordheide.de/?page_id=1633">weiterlesen&#8230;</a></p>
