{"id":1489,"date":"2021-09-07T11:24:35","date_gmt":"2021-09-07T11:24:35","guid":{"rendered":"http:\/\/schuetzen.schierhorn-nordheide.de\/?page_id=1489"},"modified":"2021-09-07T11:27:33","modified_gmt":"2021-09-07T11:27:33","slug":"schlussschiessen-2021","status":"publish","type":"page","link":"http:\/\/schuetzen.schierhorn-nordheide.de\/?page_id=1489","title":{"rendered":"Schlussschie\u00dfen 2021"},"content":{"rendered":"\n<p>Am Samstag, den 25.09.2021 ab 13 Uhr findet unser j\u00e4hrliches Schlusschie\u00dfen statt. Es werden s\u00e4mtliche geschossene Orden und Preise seit dem Schlusschie\u00dfen 2019 ausgegeben (Winterpreis 2019\/2020, Ehrenscheiben 2020 usw.)<\/p>\n\n\n\n<p>Der Arbeitsdienst findet am Samstag, den 18.09.2021 ab 9 Uhr statt. Allerdings f\u00e4llt die Mitgliederversammlung aus!<\/p>\n\n\n\n<p>Nachfolgend die Schie\u00dfprogramme der Jugend und der Sch\u00fctzen:<\/p>\n\n\n\n<figure class=\"wp-block-image\"><img decoding=\"async\" src=\"http:\/\/schuetzen.schierhorn-nordheide.de\/wp-content\/uploads\/2021\/09\/grafik-2.png\" alt=\"Dieses Bild hat ein leeres Alt-Attribut. Der Dateiname ist grafik-2.png\"\/><\/figure>\n\n\n\n<p class=\"has-text-align-center\"><strong>Schie\u00dfprogramm Sch\u00fctzen: <\/strong><\/p>\n\n\n\n<figure class=\"wp-block-image\"><img decoding=\"async\" src=\"http:\/\/schuetzen.schierhorn-nordheide.de\/wp-content\/uploads\/2021\/09\/grafik-1.png\" alt=\"Dieses Bild hat ein leeres Alt-Attribut. Der Dateiname ist grafik-1.png\"\/><\/figure>\n","protected":false},"excerpt":{"rendered":"<p>Am Samstag, den 25.09.2021 ab 13 Uhr findet unser j\u00e4hrliches Schlusschie\u00dfen statt. Es werden s\u00e4mtliche geschossene Orden und Preise seit dem Schlusschie\u00dfen 2019 ausgegeben (Winterpreis <a class=\"more-link\" href=\"http:\/\/schuetzen.schierhorn-nordheide.de\/?page_id=1489\">weiterlesen&#8230;<\/a><\/p>\n","protected":false},"author":1,"featured_media":912,"parent":0,"menu_order":0,"comment_status":"closed","ping_status":"closed","template":"","meta":{"footnotes":""},"class_list":["post-1489","page","type-page","status-publish","has-post-thumbnail","hentry"],"_links":{"self":[{"href":"http:\/\/schuetzen.schierhorn-nordheide.de\/index.php?rest_route=\/wp\/v2\/pages\/1489","targetHints":{"allow":["GET"]}}],"collection":[{"href":"http:\/\/schuetzen.schierhorn-nordheide.de\/index.php?rest_route=\/wp\/v2\/pages"}],"about":[{"href":"http:\/\/schuetzen.schierhorn-nordheide.de\/index.php?rest_route=\/wp\/v2\/types\/page"}],"author":[{"embeddable":true,"href":"http:\/\/schuetzen.schierhorn-nordheide.de\/index.php?rest_route=\/wp\/v2\/users\/1"}],"replies":[{"embeddable":true,"href":"http:\/\/schuetzen.schierhorn-nordheide.de\/index.php?rest_route=%2Fwp%2Fv2%2Fcomments&post=1489"}],"version-history":[{"count":2,"href":"http:\/\/schuetzen.schierhorn-nordheide.de\/index.php?rest_route=\/wp\/v2\/pages\/1489\/revisions"}],"predecessor-version":[{"id":1495,"href":"http:\/\/schuetzen.schierhorn-nordheide.de\/index.php?rest_route=\/wp\/v2\/pages\/1489\/revisions\/1495"}],"wp:featuredmedia":[{"embeddable":true,"href":"http:\/\/schuetzen.schierhorn-nordheide.de\/index.php?rest_route=\/wp\/v2\/media\/912"}],"wp:attachment":[{"href":"http:\/\/schuetzen.schierhorn-nordheide.de\/index.php?rest_route=%2Fwp%2Fv2%2Fmedia&parent=1489"}],"curies":[{"name":"wp","href":"https:\/\/api.w.org\/{rel}","templated":true}]}}